*z - 92 = z. Let f = c - z. What are the prime factors of f?
2
Let r(g) be the first derivative of -g**4/4 - g**3/3 + g**2 - 4*g + 2. Let i(n) = -n + 2. Let t be i(5). What are the prime factors of r(t)?
2
Suppose -a - 4*o - 13 = 0, 0*a + a = o + 7. Suppose 5*u + 5*j = 4*u - 3, -4*j = a*u - 13. What are the prime factors of u?
7
Suppose 2*p - 60 = -d - 4*d, -3*p = d - 12. Let a be (-2)/2 + 3 + 70. Suppose -4*q + d = -a. What are the prime factors of q?
3, 7
Suppose 5*t - t = 4*a + 8, -2*a - 7 = -5*t. Let b be a - 3*2/(-2). Let p(m) = 2*m + 2. What are the prime factors of p(b)?
2, 3
Suppose 2*j - 5*m = -10*m - 12, 0 = -3*j - 2*m - 7. Let u be ((-9)/12)/(j/(-4)). Let p = u - -5. What are the prime factors of p?
2
Suppose -7*a - 15 = -57. Let j(f) = -3*f. Let p be j(-7). Let t = p - a. List the prime factors of t.
3, 5
Suppose 2*a - 107 = -23. Let r = 18 + -18. Suppose -5*k + a - 7 = r. List the prime factors of k.
7
List the prime factors of (3*5)/((-7)/(-63)) - 0.
3, 5
Suppose w = -4*g - 18, -2*w = g + 2*g + 21. What are the prime factors of (71 + (-3 - w))/2?
37
Let q = -93 + 51. What are the prime factors of ((-3)/(-9))/((-1)/q)?
2, 7
Suppose -5 = -4*d + 3*c, -4*d - 11 = 2*c - 1. Let z be 3/(d*(-9)/12). Suppose -4*r = z*j - 8, -2*j + 0*j = 3*r + 1. List the prime factors of j.
7
Suppose -3 = -3*m, 4*w - 23 - 249 = 4*m. List the prime factors of w.
3, 23
Suppose z + 3*z - 3*c - 1185 = 0, 295 = z - c. What are the prime factors of z?
2, 3, 5
Suppose -3*l + 7*l + 5*i = 35, -l - 2*i = -5. List the prime factors of l.
3, 5
Let c = -6 + 4. List the prime factors of (c/(-6))/((-3)/(-18)).
2
Let k be 2/7 + 150/(-35). Let r be 1/k + (-9)/(-4). Suppose -6*q - 17 = -5*i - 3*q, -2*i = r*q - 10. What are the prime factors of i?
2
Suppose -6*r = -7*r - 16. Let d = r - -30. What are the prime factors of d?
2, 7
Let c = 29 + 6. Let o = c - 18. List the prime factors of o.
17
Suppose 0 = 8*m - 9*m + 28. What are the prime factors of m?
2, 7
Suppose 5*c - 530 = 640. List the prime factors of c/10 + (-10)/25.
23
Suppose -2*r = -7*r + 55. Let x = r - 1. What are the prime factors of x?
2, 5
Suppose 54 = 2*w - 0*w. What are the prime factors of w?
3
List the prime factors of (168/32)/((-6)/(-16)).
2, 7
List the prime factors of 218/3 - (-24)/(-36).
2, 3
Let r(v) = v**3 - 5*v**2 + 5*v - 5. Let w(l) = l**2 + 2*l + 1. Let f be w(-3). Let q be r(f). What are the prime factors of (4 - 0)/(q/(-4))?
2
Let a(q) = 3*q + 1. Let g be a(2). Suppose 3*w + 4*x = -0*x + g, w + x = 3. Suppose -3*o = 2*j - 19, 5*o - w*j = 31 + 34. What are the prime factors of o?
3
Let q(y) = -y**3 + 3*y**2 + y + 3. Let b be q(3). Suppose -b = 2*s - 5*s. Suppose -s*t - t = -24. List the prime factors of t.
2
List the prime factors of (2 - -217)/3 - -1.
2, 37
Suppose 165 + 141 = 3*n. Suppose -n = -2*w - 5*i, 2*i = -w - 3*i + 61. What are the prime factors of w?
41
Let f = -13 + 38. List the prime factors of f - -1*(3 + -2).
2, 13
Let g be (4/6)/(4/30). Suppose 2*l = -4*r - 6, 7 = -4*r + 2*l - 3. Let v = g + r. List the prime factors of v.
3
Let r(k) = k**3 + 14*k**2 + 11*k + 11. Let l = 7 + -20. What are the prime factors of r(l)?
37
Let t = 24 - 16. Suppose -2*f = s + 2*s - t, 0 = -3*s - 6. What are the prime factors of f?
7
Let h be 0 + (-1 - -2) - -1. Suppose -43 = -3*o + p, h*p + 1 + 21 = 2*o. Suppose -3*t = 5*m - 44, 3*t + m + o = 44. What are the prime factors of t?
2
Let x = -75 + 105. Suppose 5*g - 71 = 3*w, x = 4*g + 2*w - 40. Suppose 2*p - 27 = -5*c, 4*c + 0*c = -3*p + g. What are the prime factors of c?
7
Let f(k) = -238*k + 6. What are the prime factors of f(-1)?
2, 61
Suppose 3*o + 90 = 5*o. Suppose 0 = -5*n + u + o, 0 = -3*u - 12 - 3. List the prime factors of n.
2
Let n = -11 - -9. List the prime factors of 162/12 - n/4.
2, 7
Let k(f) = 94*f**2 - 2*f + 2. What are the prime factors of k(1)?
2, 47
Suppose 2*f + 5 = m, f + 33 = 3*m + 4*f. Suppose 2*g - 2*s - m = -3*s, 15 = 3*g + s. List the prime factors of g.
2, 3
List the prime factors of 6/((-30)/(-175)) + 1.
2, 3
Let s(j) = j**3 + 6*j**2 - 8*j - 5. What are the prime factors of s(-7)?
2
Let y be (1 - 1)*(0 - 1). Suppose 5*n - 16 + 1 = y. Suppose 2*v + n*v + 4*m = 30, 24 = 4*v + 3*m. List the prime factors of v.
2, 3
Let u(z) = -3*z + 2. Let y(t) = -t**2 + t. Let b be y(3). What are the prime factors of u(b)?
2, 5
Let q(r) = 4*r + 20. Let t(a) = 7*a + 41. Let k(y) = -5*q(y) + 3*t(y). What are the prime factors of k(-6)?
17
Let i be (-1)/(-5) + 18/10. Let f be 12/i - (0 - 0). Let d(r) = r - 4. List the prime factors of d(f).
2
Let k be (12/(-15))/((-2)/5). Suppose k*d - 13 = -w, 0*w - 13 = -w + 4*d. What are the prime factors of w?
13
Suppose 2*s = -p + s + 5, -2*p + 2*s + 10 = 0. Suppose -p*d = -57 - 138. What are the prime factors of d?
3, 13
Suppose j = -j + 554. What are the prime factors of j?
277
Let n be (-4)/(-4) + -1 + -2. Let u be (0 - n)/1 + -2. Suppose u = -x - 3*x + 48. List the prime factors of x.
2, 3
Let m(q) = -q**2 + 9*q - 8. Let v(l) = -l + 7. Let n be v(3). What are the prime factors of m(n)?
2, 3
Let p(i) = 6*i**2 + i. Let b be p(-1). Suppose 0 = -b*t, t - 44 = -2*s - 4*t. List the prime factors of 1*-3 + s + 1.
2, 5
Let g = 518 - 356. List the prime factors of g.
2, 3
Suppose -3*a = -2*c + 118, -53 = c - 2*c + 3*a. What are the prime factors of c?
5, 13
Suppose -2*b - 84 = -8*b. List the prime factors of b.
2, 7
Let n(h) = -h**3 - 6*h**2 - 2*h + 1. Let t be n(-6). Let k = 37 - t. List the prime factors of k.
2, 3
Let m(k) = k**3 + 12*k**2 - 11*k + 11. What are the prime factors of m(-12)?
11, 13
Suppose -84 = -5*y + 96. Suppose -2*s = -22 - y. List the prime factors of s.
29
Suppose 0 = 4*a + 4*n - 2 + 6, -3*a = -2*n - 22. Suppose -a*s - s = -15. List the prime factors of (-1)/s*(-7 - 2).
3
Suppose 5*u = b + 369, 0 = u + b - 39 - 30. Suppose 5*k + z = k - 197, z + 246 = -5*k. Let y = k + u. List the prime factors of y.
2, 3
Let b be ((-1)/3)/(1/9). Let u be (1/b)/(3/(-27)). Suppose 9 = -u*q + 4*q. List the prime factors of q.
3
Let d = -15 - -18. List the prime factors of 546/18 - 4/d.
29
Let a be (55 - -2) + 0/1. Let s(o) = o**3 - 5*o**2 + 7*o - 9. Let h be s(4). Suppose -h*y = 3*n - a, 4*n + 15 = 3*y - 28. What are the prime factors of y?
17
Suppose 5 = u - 21. List the prime factors of u.
2, 13
Suppose 0 = -0*u + 5*u - 15. Suppose 8*y + 25 = u*y. Let h = -1 - y. What are the prime factors of h?
2
Let i be (8 + (0 - 1))/1. Let r(k) = 7*k**2 + 8 - k**3 - 3 + 0*k**3. List the prime factors of r(i).
5
Let m = 2 + 0. Suppose -r - m = 2. List the prime factors of r/6*(4 - 7).
2
Let b = -6 - -6. What are the prime factors of (1 - b) + (6 - -1)?
2
Let y(g) = -g**2 + 12*g + 14. List the prime factors of y(10).
2, 17
Suppose 3*o = -o + 8. Let p = 9 - o. List the prime factors of p.
7
Let z = -16 - -45. What are the prime factors of z?
29
Let g(a) = a**3 - 3*a + 1. List the prime factors of g(3).
19
Suppose 2*r - 3*v - 15 = 5*r, 5*r - 3*v = 15. Let h = 2 + r. List the prime factors of h.
2
Let j = -8 - -11. Suppose j*l = 5*v - 4 - 6, v + 16 = -3*l. List the prime factors of 11 + v + -1 + -2.
7
Suppose 21 = -3*t + 84. Let a = t + -48. What are the prime factors of 83/9 + 6/a?
3
Let s(d) = -4*d**2 + 2*d + d**3 + d + 11*d**2. List the prime factors of s(-5).
5, 7
Let h = -4 - -4. Let d(u) = 4 - 2*u - 1 + h. List the prime factors of d(-3).
3
Let f be (-19)/(-2) + (-15)/10. What are the prime factors of (56/f)/(1/2)?
2, 7
Let t = 6 + 3. What are the prime factors of t?
3
Let l = 13 + -1. Suppose -3*b + 2*b = -l. List the prime factors of b.
2, 3
Suppose -4*f - f - 35 = 0. Let p(z) = z**3 + 6*z**2 - 8*z - 2. What are the prime factors of p(f)?
5
Let d be 0/1*1/(-2). Let b(m) = -m + 8. What are the prime factors of b(d)?
2
What are the prime factors of -1 + 326 - (-4 + (7 - 5))?
3, 109
Let f = 53 - 31. List the prime factors of f.
2, 11
Let t = 1 + 2. Suppose 3*r + 12 = -t. What are the prime factors of (0 - 1)*3*r?
3, 5
Let c = 76 - 45. What are the prime factors of c?
31
List the prime factors of 2/4 - 146/(-4).
37
Let p(x) = -x**2 + 2. Let g(j) = -j - 7. Let z be (-4)/(-14) - (-51)/(-7). Let i be g(z). List the prime factors of p(i).
2
Suppose 6*j = 2*j. Let q = 9 - 1. Let s = q - j. List the prime factors of s.
2
L